{"id":11,"date":"2020-10-14T16:12:31","date_gmt":"2020-10-14T16:12:31","guid":{"rendered":"https:\/\/stem-in-action.eduproject.eu\/?page_id=11"},"modified":"2021-01-21T14:08:56","modified_gmt":"2021-01-21T14:08:56","slug":"partners","status":"publish","type":"page","link":"https:\/\/stem-in-action.eduproject.eu\/?page_id=11","title":{"rendered":"Partners"},"content":{"rendered":"\n<p><strong>Coordinator<\/strong>1<\/p>\n\n\n\n<p><strong>Turkey ( TR)<\/strong><br>Tarsus \u00dcniversitesi<br>Tkartaltepe Mah. Takba\u015f Mevkii Tarsus<br>33400 Tarsus<br><br>Ahmet Yalcin<\/p>\n\n\n\n<p><\/p>\n\n\n\n<p><strong>Partner<\/strong> 1<\/p>\n\n\n\n<p><strong>Germany (DE)<\/strong><br>Universit\u00e4t Paderborn (UPB)<br>Lehrstuhl Wirtschaftsp\u00e4dagogik II \/<br>Chair Business and Human Resource Education II<br>Department 5: Wirtschaftsp\u00e4dagogik \u2013 Business and Human Resource Education<br>Warburger Str. 100<br>33098 Paderborn<br><br>Prof. Dr. Marc Beutner<\/p>\n\n\n\n<figure class=\"wp-block-image\"><img src=\"https:\/\/green4future.eduproject.eu\/wp-content\/uploads\/2020\/12\/UPB-logo.jpg\" alt=\"\" class=\"wp-image-80\"\/><\/figure>\n\n\n\n<p><a href=\"https:\/\/wiwi.uni-paderborn.de\/department5\/wirtschaftspaedagogik-prof-beutner\">https:\/\/wiwi.uni-paderborn.de\/department5\/wirtschaftspaedagogik-prof-beutner<\/a><\/p>\n\n\n\n<p><strong>Partner<\/strong> 2<\/p>\n\n\n\n<p><strong>Greece (GR)<\/strong><br>Pi Privte Company<br>Ganochora<br>Yunanistan<br>60100 Katrini<\/p>\n\n\n\n<p>Evangelos Kapatis<\/p>\n\n\n\n<p><a href=\"http:\/\/pi-tech.gr\">http:\/\/pi-tech.gr<\/a><\/p>\n\n\n\n<p><\/p>\n\n\n\n<p><strong>Partner<\/strong> 3<\/p>\n\n\n\n<p><strong>Croatia (HR)<\/strong><br>University Of Zagreb Unizg<br>TRG Republike Hravatske 14<br>10000 Zagreb<br><br>Ana Sovic Krzic &#8211; Assistant Professor<\/p>\n\n\n\n<p><a href=\"http:\/\/www.unizg.hr\">http:\/\/www.unizg.hr<\/a><\/p>\n\n\n\n<p><strong>Partner<\/strong> 4<\/p>\n\n\n\n<p><strong>Belgium (B)<\/strong><br>Katholieke hogeschool vives zuid<br>Doorniksesteenweg 145<br>8500 Kortrijk<br><br>Kristof Van De Keere<\/p>\n\n\n\n<p><a href=\"http:\/\/www.unizg.hr\">http:\/\/www.vives.be<\/a><\/p>\n\n\n\n<p><strong>Partner<\/strong> 5<\/p>\n\n\n\n<p><strong>Romania (RO)<\/strong><br>Universitatea din Craiova<br>Doorniksesteenweg 145<br>8500 Kortrijk<br><br>Gabriela-Eugenia Iacobescu<\/p>\n\n\n\n<p><\/p>\n\n\n\n<p><strong>Partner<\/strong> 6<\/p>\n\n\n\n<p><strong>Ireland (IR)<\/strong><br>Cork institute of technology<br>Rossa Avenue Bishopstown<br>Cork<\/p>\n\n\n\n<p>Mohammed Hasanuzzaman<\/p>\n\n\n\n<p><a href=\"http:\/\/www.cit.ie\">http:\/\/www.cit.ie<\/a><\/p>\n","protected":false},"excerpt":{"rendered":"<p>Coordinator1 Turkey ( TR)Tarsus \u00dcniversitesiTkartaltepe Mah. Takba\u015f Mevkii Tarsus33400 Tarsus Ahmet Yalcin Partner 1 Germany (DE)Universit\u00e4t Paderborn (UPB)Lehrstuhl Wirtschaftsp\u00e4dagogik II \/Chair Business and Human Resource Education IIDepartment 5: Wirtschaftsp\u00e4dagogik \u2013 Business and Human Resource EducationWarburger Str. 10033098 Paderborn Prof. Dr. &hellip; <a href=\"https:\/\/stem-in-action.eduproject.eu\/?page_id=11\">Continue reading <span class=\"meta-nav\">&rarr;<\/span><\/a><\/p>\n","protected":false},"author":1,"featured_media":0,"parent":0,"menu_order":0,"comment_status":"closed","ping_status":"closed","template":"","meta":[],"_links":{"self":[{"href":"https:\/\/stem-in-action.eduproject.eu\/index.php?rest_route=\/wp\/v2\/pages\/11"}],"collection":[{"href":"https:\/\/stem-in-action.eduproject.eu\/index.php?rest_route=\/wp\/v2\/pages"}],"about":[{"href":"https:\/\/stem-in-action.eduproject.eu\/index.php?rest_route=\/wp\/v2\/types\/page"}],"author":[{"embeddable":true,"href":"https:\/\/stem-in-action.eduproject.eu\/index.php?rest_route=\/wp\/v2\/users\/1"}],"replies":[{"embeddable":true,"href":"https:\/\/stem-in-action.eduproject.eu\/index.php?rest_route=%2Fwp%2Fv2%2Fcomments&post=11"}],"version-history":[{"count":7,"href":"https:\/\/stem-in-action.eduproject.eu\/index.php?rest_route=\/wp\/v2\/pages\/11\/revisions"}],"predecessor-version":[{"id":132,"href":"https:\/\/stem-in-action.eduproject.eu\/index.php?rest_route=\/wp\/v2\/pages\/11\/revisions\/132"}],"wp:attachment":[{"href":"https:\/\/stem-in-action.eduproject.eu\/index.php?rest_route=%2Fwp%2Fv2%2Fmedia&parent=11"}],"curies":[{"name":"wp","href":"https:\/\/api.w.org\/{rel}","templated":true}]}}